{"id":370,"date":"2020-11-18T12:07:09","date_gmt":"2020-11-18T12:07:09","guid":{"rendered":"https:\/\/demosites.io\/nonprofit-gb\/?page_id=370"},"modified":"2025-09-01T16:16:00","modified_gmt":"2025-09-01T16:16:00","slug":"7ca6c-projects","status":"publish","type":"page","link":"https:\/\/mbdcleanservices.net\/index.php\/7ca6c-projects\/","title":{"rendered":"Services"},"content":{"rendered":"\n<div class=\"wp-block-cover alignfull has-parallax wp-duotone-unset-1\" style=\"min-height:507px;aspect-ratio:unset;\"><div class=\"wp-block-cover__image-background wp-image-625 has-parallax\" style=\"background-position:50% 50%;background-image:url(https:\/\/mbdcleanservices.net\/wp-content\/uploads\/2025\/02\/industrial-1636380_1920.jpg)\"><\/div><span aria-hidden=\"true\" class=\"wp-block-cover__background has-neve-text-color-background-color has-background-dim\"><\/span><div class=\"wp-block-cover__inner-container is-layout-flow wp-block-cover-is-layout-flow\">\n<div class=\"wp-block-group\"><div class=\"wp-block-group__inner-container is-layout-flow wp-block-group-is-layout-flow\">\n<h1 class=\"wp-block-heading has-text-align-center animated fadeIn has-white-color has-text-color\">Nos services<\/h1>\n<\/div><\/div>\n<\/div><\/div>\n\n\n\n<div style=\"height:80px\" aria-hidden=\"true\" class=\"wp-block-spacer\"><\/div>\n\n\n\n<div class=\"wp-block-columns alignwide are-vertically-aligned-center is-layout-flex wp-container-core-columns-is-layout-9d6595d7 wp-block-columns-is-layout-flex\">\n<div class=\"wp-block-column is-vertically-aligned-center is-layout-flow wp-block-column-is-layout-flow\">\n<div class=\"wp-block-group is-content-justification-center is-nowrap is-layout-flex wp-container-core-group-is-layout-94bc23d7 wp-block-group-is-layout-flex\">\n<figure class=\"wp-block-image size-full has-custom-border animated fadeIn is-style-rounded wp-duotone-unset-2\"><img fetchpriority=\"high\" decoding=\"async\" width=\"1120\" height=\"1120\" src=\"https:\/\/mbdcleanservices.net\/wp-content\/uploads\/2025\/03\/Flux_Dev_A_tidy_and_organized_living_room_with_a_sparkling_cle_2-1.jpeg\" alt=\"\" class=\"wp-image-914\" style=\"border-style:none;border-width:0px;aspect-ratio:16\/9;object-fit:cover\" srcset=\"https:\/\/mbdcleanservices.net\/wp-content\/uploads\/2025\/03\/Flux_Dev_A_tidy_and_organized_living_room_with_a_sparkling_cle_2-1.jpeg 1120w, https:\/\/mbdcleanservices.net\/wp-content\/uploads\/2025\/03\/Flux_Dev_A_tidy_and_organized_living_room_with_a_sparkling_cle_2-1-300x300.jpeg 300w, https:\/\/mbdcleanservices.net\/wp-content\/uploads\/2025\/03\/Flux_Dev_A_tidy_and_organized_living_room_with_a_sparkling_cle_2-1-1024x1024.jpeg 1024w, https:\/\/mbdcleanservices.net\/wp-content\/uploads\/2025\/03\/Flux_Dev_A_tidy_and_organized_living_room_with_a_sparkling_cle_2-1-150x150.jpeg 150w, https:\/\/mbdcleanservices.net\/wp-content\/uploads\/2025\/03\/Flux_Dev_A_tidy_and_organized_living_room_with_a_sparkling_cle_2-1-768x768.jpeg 768w\" sizes=\"(max-width: 1120px) 100vw, 1120px\" \/><\/figure>\n<\/div>\n<\/div>\n\n\n\n<div class=\"wp-block-column is-vertically-aligned-center animated slideInRight is-layout-flow wp-block-column-is-layout-flow\">\n<p class=\"has-text-align-left has-medium-font-size\">Nous assurons l\u2019entretien complet des immeubles, incluant espaces communs, ascenseurs et caves, avec une maintenance r\u00e9guli\u00e8re pour un environnement propre.<\/p>\n\n\n\n<p>Nos services couvrent la gestion des containers, l\u2019\u00e9vacuation des encombrants, ainsi que le nettoyage de chantiers et de fin de bail.<\/p>\n\n\n\n<p class=\"has-text-align-left has-medium-font-size\">Nous proposons \u00e9galement un nettoyage professionnel des vitres et vitrines, garantissant une visibilit\u00e9 optimale.<\/p>\n<\/div>\n<\/div>\n\n\n\n<div style=\"height:100px\" aria-hidden=\"true\" class=\"wp-block-spacer\"><\/div>\n\n\n\n<div class=\"wp-block-columns alignwide are-vertically-aligned-center is-layout-flex wp-container-core-columns-is-layout-9d6595d7 wp-block-columns-is-layout-flex\">\n<div class=\"wp-block-column is-vertically-aligned-center animated backInLeft is-layout-flow wp-block-column-is-layout-flow\" style=\"flex-basis:50%\">\n<p class=\"has-medium-font-size\">Nous offrons des solutions compl\u00e8tes pour le nettoyage et l\u2019entretien des bureaux, commerces et espaces ext\u00e9rieurs. Nos prestations incluent le nettoyage des moquettes, l\u2019entretien haute pression, le nettoyage des parkings et l\u2019effacement des graffitis.<\/p>\n\n\n\n<p>En hiver, nous assurons le d\u00e9neigement et le salage pour s\u00e9curiser les acc\u00e8s. Nous prenons \u00e9galement en charge l\u2019entretien des espaces verts (tonte, taille, d\u00e9sherbage) et proposons des petits travaux de d\u00e9m\u00e9nagement.<\/p>\n\n\n\n<p>Des prestations sur mesure sont disponibles selon vos besoins.<\/p>\n<\/div>\n\n\n\n<div class=\"wp-block-column is-vertically-aligned-center is-layout-flow wp-block-column-is-layout-flow\" style=\"flex-basis:50%\">\n<figure class=\"wp-block-image size-full is-style-rounded animated fadeIn\"><img decoding=\"async\" width=\"1472\" height=\"832\" src=\"https:\/\/mbdcleanservices.net\/wp-content\/uploads\/2025\/03\/Flux_Dev_Depict_a_bustling_office_scene_where_a_team_of_profes_0.jpeg\" alt=\"\" class=\"wp-image-915\" srcset=\"https:\/\/mbdcleanservices.net\/wp-content\/uploads\/2025\/03\/Flux_Dev_Depict_a_bustling_office_scene_where_a_team_of_profes_0.jpeg 1472w, https:\/\/mbdcleanservices.net\/wp-content\/uploads\/2025\/03\/Flux_Dev_Depict_a_bustling_office_scene_where_a_team_of_profes_0-300x170.jpeg 300w, https:\/\/mbdcleanservices.net\/wp-content\/uploads\/2025\/03\/Flux_Dev_Depict_a_bustling_office_scene_where_a_team_of_profes_0-1024x579.jpeg 1024w, https:\/\/mbdcleanservices.net\/wp-content\/uploads\/2025\/03\/Flux_Dev_Depict_a_bustling_office_scene_where_a_team_of_profes_0-768x434.jpeg 768w\" sizes=\"(max-width: 1472px) 100vw, 1472px\" \/><\/figure>\n<\/div>\n<\/div>\n\n\n\n<div style=\"height:40px\" aria-hidden=\"true\" class=\"wp-block-spacer\"><\/div>\n\n\n\n<p><\/p>\n","protected":false},"excerpt":{"rendered":"<p>Nous assurons l\u2019entretien complet des immeubles, incluant espaces communs, ascenseurs et caves, avec une maintenance r\u00e9guli\u00e8re pour un environnement propre. Nos services couvrent la gestion des containers, l\u2019\u00e9vacuation des encombrants, ainsi que le nettoyage de chantiers et de fin de bail. Nous proposons \u00e9galement un nettoyage professionnel des vitres et vitrines, garantissant une visibilit\u00e9 optimale.&hellip;&nbsp;<a href=\"https:\/\/mbdcleanservices.net\/index.php\/7ca6c-projects\/\" rel=\"bookmark\">Ler mais &raquo;<span class=\"screen-reader-text\">Services<\/span><\/a><\/p>\n","protected":false},"author":1,"featured_media":0,"parent":0,"menu_order":0,"comment_status":"closed","ping_status":"closed","template":"","meta":{"neve_meta_sidebar":"full-width","neve_meta_container":"","neve_meta_enable_content_width":"on","neve_meta_content_width":100,"neve_meta_title_alignment":"","neve_meta_author_avatar":"","neve_post_elements_order":"","neve_meta_disable_header":"","neve_meta_disable_footer":"","neve_meta_disable_title":"on","_themeisle_gutenberg_block_has_review":false,"footnotes":""},"class_list":["post-370","page","type-page","status-publish","hentry"],"_links":{"self":[{"href":"https:\/\/mbdcleanservices.net\/index.php\/wp-json\/wp\/v2\/pages\/370","targetHints":{"allow":["GET"]}}],"collection":[{"href":"https:\/\/mbdcleanservices.net\/index.php\/wp-json\/wp\/v2\/pages"}],"about":[{"href":"https:\/\/mbdcleanservices.net\/index.php\/wp-json\/wp\/v2\/types\/page"}],"author":[{"embeddable":true,"href":"https:\/\/mbdcleanservices.net\/index.php\/wp-json\/wp\/v2\/users\/1"}],"replies":[{"embeddable":true,"href":"https:\/\/mbdcleanservices.net\/index.php\/wp-json\/wp\/v2\/comments?post=370"}],"version-history":[{"count":28,"href":"https:\/\/mbdcleanservices.net\/index.php\/wp-json\/wp\/v2\/pages\/370\/revisions"}],"predecessor-version":[{"id":1091,"href":"https:\/\/mbdcleanservices.net\/index.php\/wp-json\/wp\/v2\/pages\/370\/revisions\/1091"}],"wp:attachment":[{"href":"https:\/\/mbdcleanservices.net\/index.php\/wp-json\/wp\/v2\/media?parent=370"}],"curies":[{"name":"wp","href":"https:\/\/api.w.org\/{rel}","templated":true}]}}