{"id":311,"date":"2020-11-10T18:14:35","date_gmt":"2020-11-10T18:14:35","guid":{"rendered":"https:\/\/demosites.io\/nonprofit-gb\/?page_id=311"},"modified":"2025-09-01T16:18:52","modified_gmt":"2025-09-01T16:18:52","slug":"accueil","status":"publish","type":"page","link":"https:\/\/mbdcleanservices.net\/","title":{"rendered":"ACCUEIL"},"content":{"rendered":"\n<div class=\"wp-block-cover alignfull has-parallax animated fadeIn\" style=\"min-height:600px;aspect-ratio:unset;\"><span aria-hidden=\"true\" class=\"wp-block-cover__background has-black-background-color has-background-dim\"><\/span><div class=\"wp-block-cover__image-background wp-image-586 has-parallax\" style=\"background-position:50% 50%;background-image:url(https:\/\/mbdcleanservices.net\/wp-content\/uploads\/2025\/02\/cleaning-8660309-scaled.jpg)\"><\/div><div class=\"wp-block-cover__inner-container is-layout-flow wp-block-cover-is-layout-flow\">\n<div class=\"wp-block-group\"><div class=\"wp-block-group__inner-container is-layout-flow wp-block-group-is-layout-flow\">\n<h2 class=\"wp-block-heading alignfull has-text-align-center animated backInLeft has-white-color has-text-color\">Professionnalisme, disponibilit\u00e9 et qualit\u00e9<\/h2>\n\n\n\n<p class=\"has-text-align-center animated backInLeft has-white-color has-text-color\">Nous garantissons un service de nettoyage impeccable pour chaque client !<\/p>\n\n\n\n<div style=\"height:20px\" aria-hidden=\"true\" class=\"wp-block-spacer\"><\/div>\n\n\n\n<div class=\"wp-block-buttons is-horizontal is-content-justification-center is-layout-flex wp-container-core-buttons-is-layout-499968f5 wp-block-buttons-is-layout-flex\">\n<div class=\"wp-block-button is-style-default animated bounce slower\"><a class=\"wp-block-button__link has-nv-site-bg-color has-neve-link-hover-color-background-color has-text-color has-background has-link-color wp-element-button\" href=\"https:\/\/mbdcleanservices.net\/index.php\/plans\/\">pLANS<\/a><\/div>\n<\/div>\n<\/div><\/div>\n<\/div><\/div>\n\n\n\n<div style=\"height:100px\" aria-hidden=\"true\" class=\"wp-block-spacer\"><\/div>\n\n\n\n<div class=\"wp-block-columns alignwide is-layout-flex wp-container-core-columns-is-layout-9d6595d7 wp-block-columns-is-layout-flex\">\n<div class=\"wp-block-column is-layout-flow wp-block-column-is-layout-flow\">\n<h2 class=\"wp-block-heading has-text-align-center animated backInLeft\">Domestiques<\/h2>\n\n\n<div class=\"wp-block-image is-style-rounded animated fadeIn\">\n<figure class=\"aligncenter size-large is-resized\"><img fetchpriority=\"high\" decoding=\"async\" width=\"1024\" height=\"683\" src=\"https:\/\/mbdcleanservices.net\/wp-content\/uploads\/2025\/02\/pexels-matilda-wormwood-4099260-1024x683.jpg\" alt=\"\" class=\"wp-image-753\" style=\"width:500px\" srcset=\"https:\/\/mbdcleanservices.net\/wp-content\/uploads\/2025\/02\/pexels-matilda-wormwood-4099260-1024x683.jpg 1024w, https:\/\/mbdcleanservices.net\/wp-content\/uploads\/2025\/02\/pexels-matilda-wormwood-4099260-300x200.jpg 300w, https:\/\/mbdcleanservices.net\/wp-content\/uploads\/2025\/02\/pexels-matilda-wormwood-4099260-768x512.jpg 768w, https:\/\/mbdcleanservices.net\/wp-content\/uploads\/2025\/02\/pexels-matilda-wormwood-4099260-930x620.jpg 930w, https:\/\/mbdcleanservices.net\/wp-content\/uploads\/2025\/02\/pexels-matilda-wormwood-4099260.jpg 1280w\" sizes=\"(max-width: 1024px) 100vw, 1024px\" \/><\/figure><\/div><\/div>\n\n\n\n<div class=\"wp-block-column is-vertically-aligned-center is-layout-flow wp-block-column-is-layout-flow\">\n<p class=\"animated zoomIn\" style=\"padding-top:var(--wp--preset--spacing--40);padding-bottom:var(--wp--preset--spacing--40)\">Nous proposons une gamme compl\u00e8te de services de nettoyage et d\u2019entretien pour les espaces domestiques. Nos prestations incluent le nettoyage g\u00e9n\u00e9ral et en profondeur, le lavage des vitres et fen\u00eatres, ainsi que la d\u00e9sinfection des tapis et canap\u00e9s.<\/p>\n<\/div>\n<\/div>\n\n\n\n<div class=\"wp-block-columns alignwide is-layout-flex wp-container-core-columns-is-layout-62db62f3 wp-block-columns-is-layout-flex\" style=\"padding-top:0;padding-bottom:0\">\n<div class=\"wp-block-column is-vertically-aligned-center is-layout-flow wp-block-column-is-layout-flow\">\n<p class=\"animated zoomIn\" style=\"padding-top:var(--wp--preset--spacing--30);padding-bottom:var(--wp--preset--spacing--30)\">Nous proposons des services de nettoyage professionnels adapt\u00e9s aux besoins des entreprises, y compris les bureaux et autres espaces professionnels. Nos prestations incluent le nettoyage r\u00e9gulier ou en profondeur, le lavage des vitres et des cloisons, ainsi que la d\u00e9sinfection des surfaces de travail.<\/p>\n<\/div>\n\n\n\n<div class=\"wp-block-column is-layout-flow wp-block-column-is-layout-flow\">\n<h2 class=\"wp-block-heading has-text-align-center animated backInRight\">Entreprise<\/h2>\n\n\n<div class=\"wp-block-image is-style-rounded\">\n<figure class=\"aligncenter size-large is-resized\"><img decoding=\"async\" width=\"1024\" height=\"683\" src=\"https:\/\/mbdcleanservices.net\/wp-content\/uploads\/2025\/02\/workers-6477163_1920-1024x683.jpg\" alt=\"\" class=\"wp-image-705\" style=\"width:500px\" srcset=\"https:\/\/mbdcleanservices.net\/wp-content\/uploads\/2025\/02\/workers-6477163_1920-1024x683.jpg 1024w, https:\/\/mbdcleanservices.net\/wp-content\/uploads\/2025\/02\/workers-6477163_1920-300x200.jpg 300w, https:\/\/mbdcleanservices.net\/wp-content\/uploads\/2025\/02\/workers-6477163_1920-768x512.jpg 768w, https:\/\/mbdcleanservices.net\/wp-content\/uploads\/2025\/02\/workers-6477163_1920-1536x1024.jpg 1536w, https:\/\/mbdcleanservices.net\/wp-content\/uploads\/2025\/02\/workers-6477163_1920-930x620.jpg 930w, https:\/\/mbdcleanservices.net\/wp-content\/uploads\/2025\/02\/workers-6477163_1920.jpg 1920w\" sizes=\"(max-width: 1024px) 100vw, 1024px\" \/><\/figure><\/div><\/div>\n<\/div>\n\n\n\n<div class=\"wp-block-buttons is-horizontal is-content-justification-center is-layout-flex wp-container-core-buttons-is-layout-ff195eed wp-block-buttons-is-layout-flex\" style=\"padding-top:var(--wp--preset--spacing--60);padding-bottom:var(--wp--preset--spacing--60)\">\n<div class=\"wp-block-button is-style-primary animated bounce\"><a class=\"wp-block-button__link has-nv-site-bg-color has-text-color has-link-color wp-element-button\" href=\"https:\/\/mbdcleanservices.net\/index.php\/7ca6c-projects\/\">Cliquez ici<\/a><\/div>\n<\/div>\n\n\n\n<h2 class=\"wp-block-heading has-text-align-center animated slideInLeft\">T\u00e9moignages<\/h2>\n\n\n\n<div id=\"wp-block-themeisle-blocks-advanced-columns-c00aadba\" class=\"wp-block-themeisle-blocks-advanced-columns has-3-columns has-desktop-equal-layout has-tablet-equal-layout has-mobile-collapsedRows-layout has-vertical-top animated fadeIn slower\"><div class=\"wp-block-themeisle-blocks-advanced-columns-overlay\"><\/div><div class=\"innerblocks-wrap\">\n<div id=\"wp-block-themeisle-blocks-advanced-column-41c8770c\" class=\"wp-block-themeisle-blocks-advanced-column\"><div class=\"wp-block-image is-style-rounded\">\n<figure class=\"aligncenter size-full is-resized\"><img decoding=\"async\" width=\"200\" height=\"200\" src=\"https:\/\/mbdcleanservices.net\/wp-content\/uploads\/2020\/11\/ngo-20.png\" alt=\"\" class=\"wp-image-427\" style=\"aspect-ratio:1;width:90px;height:auto\" srcset=\"https:\/\/mbdcleanservices.net\/wp-content\/uploads\/2020\/11\/ngo-20.png 200w, https:\/\/mbdcleanservices.net\/wp-content\/uploads\/2020\/11\/ngo-20-150x150.png 150w\" sizes=\"(max-width: 200px) 100vw, 200px\" \/><\/figure><\/div>\n\n\n<p id=\"wp-block-themeisle-blocks-advanced-heading-ad44c57d\" class=\"wp-block-themeisle-blocks-advanced-heading wp-block-themeisle-blocks-advanced-heading-ad44c57d\">&#8220;Nous avons sollicit\u00e9 cette entreprise pour un nettoyage complet apr\u00e8s des travaux de r\u00e9novation. Tout a \u00e9t\u00e9 parfaitement nettoy\u00e9, sans aucun d\u00e9tail laiss\u00e9 au hasard.&#8221;<\/p>\n\n\n\n<p id=\"wp-block-themeisle-blocks-advanced-heading-d3f7e3db\" class=\"wp-block-themeisle-blocks-advanced-heading wp-block-themeisle-blocks-advanced-heading-d3f7e3db\"><strong>Sophie D.<\/strong><\/p>\n<\/div>\n\n\n\n<div id=\"wp-block-themeisle-blocks-advanced-column-ff586641\" class=\"wp-block-themeisle-blocks-advanced-column\"><div class=\"wp-block-image is-style-rounded\">\n<figure class=\"aligncenter size-full is-resized\"><img loading=\"lazy\" decoding=\"async\" width=\"200\" height=\"200\" src=\"https:\/\/mbdcleanservices.net\/wp-content\/uploads\/2020\/11\/ngo-18.png\" alt=\"\" class=\"wp-image-425\" style=\"width:90px;height:auto\" srcset=\"https:\/\/mbdcleanservices.net\/wp-content\/uploads\/2020\/11\/ngo-18.png 200w, https:\/\/mbdcleanservices.net\/wp-content\/uploads\/2020\/11\/ngo-18-150x150.png 150w\" sizes=\"(max-width: 200px) 100vw, 200px\" \/><\/figure><\/div>\n\n\n<p id=\"wp-block-themeisle-blocks-advanced-heading-ae7e2161\" class=\"wp-block-themeisle-blocks-advanced-heading wp-block-themeisle-blocks-advanced-heading-ae7e2161\">&#8220;.J\u2019ai fait appel \u00e0 cette entreprise pour le nettoyage de mon bureau, et je suis absolument ravi du r\u00e9sultat. L\u2019\u00e9quipe est professionnelle, ponctuelle et tr\u00e8s efficace. Mon espace de travail n\u2019a jamais \u00e9t\u00e9 aussi propre !&#8221;<\/p>\n\n\n\n<p id=\"wp-block-themeisle-blocks-advanced-heading-b425f2a3\" class=\"wp-block-themeisle-blocks-advanced-heading wp-block-themeisle-blocks-advanced-heading-b425f2a3\"><strong>Marc L<\/strong><\/p>\n<\/div>\n\n\n\n<div id=\"wp-block-themeisle-blocks-advanced-column-82532c60\" class=\"wp-block-themeisle-blocks-advanced-column\"><div class=\"wp-block-image is-style-rounded\">\n<figure class=\"aligncenter size-full is-resized\"><img loading=\"lazy\" decoding=\"async\" width=\"360\" height=\"480\" src=\"https:\/\/mbdcleanservices.net\/wp-content\/uploads\/2020\/11\/ngo-04.png\" alt=\"\" class=\"wp-image-411\" style=\"aspect-ratio:1;object-fit:cover;width:90px\" srcset=\"https:\/\/mbdcleanservices.net\/wp-content\/uploads\/2020\/11\/ngo-04.png 360w, https:\/\/mbdcleanservices.net\/wp-content\/uploads\/2020\/11\/ngo-04-225x300.png 225w\" sizes=\"(max-width: 360px) 100vw, 360px\" \/><\/figure><\/div>\n\n\n<p id=\"wp-block-themeisle-blocks-advanced-heading-3a87334a\" class=\"wp-block-themeisle-blocks-advanced-heading wp-block-themeisle-blocks-advanced-heading-3a87334a\">&#8220;Cela fait plusieurs mois que nous travaillons avec cette entreprise pour l\u2019entretien de nos locaux, et nous sommes extr\u00eamement satisfaits. Le personnel est fiable, discret et toujours souriant.&#8221;<\/p>\n\n\n\n<p id=\"wp-block-themeisle-blocks-advanced-heading-1f9f2063\" class=\"wp-block-themeisle-blocks-advanced-heading wp-block-themeisle-blocks-advanced-heading-1f9f2063\"><strong>Jean-Pierre M.<\/strong><\/p>\n<\/div>\n<\/div><\/div>\n","protected":false},"excerpt":{"rendered":"<p>Domestiques Nous proposons une gamme compl\u00e8te de services de nettoyage et d\u2019entretien pour les espaces domestiques. Nos prestations incluent le nettoyage g\u00e9n\u00e9ral et en profondeur, le lavage des vitres et fen\u00eatres, ainsi que la d\u00e9sinfection des tapis et canap\u00e9s. Nous proposons des services de nettoyage professionnels adapt\u00e9s aux besoins des entreprises, y compris les bureaux&hellip;&nbsp;<a href=\"https:\/\/mbdcleanservices.net\/\" rel=\"bookmark\">Ler mais &raquo;<span class=\"screen-reader-text\">ACCUEIL<\/span><\/a><\/p>\n","protected":false},"author":1,"featured_media":0,"parent":0,"menu_order":0,"comment_status":"closed","ping_status":"closed","template":"","meta":{"neve_meta_sidebar":"full-width","neve_meta_container":"","neve_meta_enable_content_width":"on","neve_meta_content_width":100,"neve_meta_title_alignment":"","neve_meta_author_avatar":"","neve_post_elements_order":"","neve_meta_disable_header":"","neve_meta_disable_footer":"","neve_meta_disable_title":"on","_themeisle_gutenberg_block_has_review":false,"footnotes":""},"class_list":["post-311","page","type-page","status-publish","hentry"],"_links":{"self":[{"href":"https:\/\/mbdcleanservices.net\/index.php\/wp-json\/wp\/v2\/pages\/311","targetHints":{"allow":["GET"]}}],"collection":[{"href":"https:\/\/mbdcleanservices.net\/index.php\/wp-json\/wp\/v2\/pages"}],"about":[{"href":"https:\/\/mbdcleanservices.net\/index.php\/wp-json\/wp\/v2\/types\/page"}],"author":[{"embeddable":true,"href":"https:\/\/mbdcleanservices.net\/index.php\/wp-json\/wp\/v2\/users\/1"}],"replies":[{"embeddable":true,"href":"https:\/\/mbdcleanservices.net\/index.php\/wp-json\/wp\/v2\/comments?post=311"}],"version-history":[{"count":102,"href":"https:\/\/mbdcleanservices.net\/index.php\/wp-json\/wp\/v2\/pages\/311\/revisions"}],"predecessor-version":[{"id":1085,"href":"https:\/\/mbdcleanservices.net\/index.php\/wp-json\/wp\/v2\/pages\/311\/revisions\/1085"}],"wp:attachment":[{"href":"https:\/\/mbdcleanservices.net\/index.php\/wp-json\/wp\/v2\/media?parent=311"}],"curies":[{"name":"wp","href":"https:\/\/api.w.org\/{rel}","templated":true}]}}